36609?
409, 1801
What are the prime factors of 507413?
29, 17497
What are the prime factors of 30203618?
2, 37, 431, 947
List the prime factors of 72757.
31, 2347
List the prime factors of 891293.
13, 17, 37, 109
List the prime factors of 7672570.
2, 5, 23, 33359
List the prime factors of 487573.
61, 7993
What are the prime factors of 13330662?
2, 3, 23, 29, 3331
List the prime factors of 263204.
2, 29, 2269
List the prime factors of 7012524.
2, 3, 584377
List the prime factors of 1463751.
3, 17, 1063
List the prime factors of 1016842.
2, 19, 26759
What are the prime factors of 324267?
3, 108089
List the prime factors of 2354107.
7, 107, 449
What are the prime factors of 6291121?
23, 273527
What are the prime factors of 885207?
3, 17, 1021
What are the prime factors of 249002?
2, 13, 61, 157
What are the prime factors of 697006?
2, 37, 9419
What are the prime factors of 46346?
2, 23173
What are the prime factors of 160324?
2, 149, 269
What are the prime factors of 7646329?
7646329
What are the prime factors of 2523530?
2, 5, 409, 617
List the prime factors of 4909186.
2, 103, 23831
What are the prime factors of 7124874?
2, 3, 1187479
What are the prime factors of 6180207?
3, 11, 137, 1367
List the prime factors of 18905737.
18905737
List the prime factors of 69389.
69389
What are the prime factors of 2227?
17, 131
List the prime factors of 28093.
13, 2161
What are the prime factors of 7656150?
2, 3, 5, 43, 1187
What are the prime factors of 104537?
104537
List the prime factors of 2447803.
29, 84407
What are the prime factors of 17176321?
67, 256363
What are the prime factors of 211119?
3, 70373
List the prime factors of 12160754.
2, 317, 19181
List the prime factors of 151818.
2, 3, 25303
What are the prime factors of 1675027?
17, 37, 2663
What are the prime factors of 405849?
3, 135283
What are the prime factors of 294418?
2, 147209
List the prime factors of 51979.
59, 881
List the prime factors of 2160140.
2, 5, 108007
List the prime factors of 2933911.
17, 172583
List the prime factors of 6286998.
2, 3, 1047833
What are the prime factors of 11454863?
7, 409, 4001
What are the prime factors of 7680097?
1097, 7001
What are the prime factors of 1926244?
2, 397, 1213
List the prime factors of 1901836.
2, 149, 3191
List the prime factors of 12629458.
2, 1033, 6113
What are the prime factors of 1486323?
3, 55049
What are the prime factors of 2181675?
3, 5, 19, 1531
What are the prime factors of 3831902?
2, 17, 43, 2621
What are the prime factors of 87880?
2, 5, 13
List the prime factors of 4238117.
13, 17, 127, 151
What are the prime factors of 182258?
2, 91129
What are the prime factors of 375265?
5, 11, 6823
List the prime factors of 229572.
2, 3, 7, 911
List the prime factors of 13535837.
7, 29, 131, 509
What are the prime factors of 5501206?
2, 2750603
What are the prime factors of 362815?
5, 149, 487
What are the prime factors of 14405763?
3, 4801921
List the prime factors of 538655.
5, 13, 8287
List the prime factors of 24295942.
2, 11, 53, 67, 311
What are the prime factors of 709568?
2, 11087
What are the prime factors of 2179650?
2, 3, 5, 11, 1321
List the prime factors of 6989808.
2, 3, 7, 71, 293
List the prime factors of 486798.
2, 3, 13, 79
List the prime factors of 970091.
970091
What are the prime factors of 208980?
2, 3, 5, 43
What are the prime factors of 3605728?
2, 7, 16097
What are the prime factors of 7073651?
13, 29, 647
What are the prime factors of 35139618?
2, 3, 1952201
List the prime factors of 3277942.
2, 191, 8581
List the prime factors of 811290.
2, 3, 5, 27043
List the prime factors of 644449.
13, 89, 557
What are the prime factors of 46212?
2, 3, 3851
List the prime factors of 9889745.
5, 151, 13099
List the prime factors of 7897443.
3, 1009, 2609
What are the prime factors of 1374348?
2, 3, 17, 6737
What are the prime factors of 4807541?
181, 26561
What are the prime factors of 13925488?
2, 23, 79, 479
What are the prime factors of 4368663?
3, 13, 37339
List the prime factors of 951192.
2, 3, 11, 1201
List the prime factors of 7957956.
2, 3, 663163
List the prime factors of 921971.
31, 29741
What are the prime factors of 407549?
151, 2699
List the prime factors of 2014397.
7, 11, 26161
List the prime factors of 1027203.
3, 23, 14887
What are the prime factors of 1427363?
7, 203909
What are the prime factors of 1636582?
2, 818291
List the prime factors of 505617.
3, 7, 24077
What are the prime factors of 380537?
443, 859
List the prime factors of 4806998.
2, 7, 181, 271
List the prime factors of 20610095.
5, 11, 374729
List the prime factors of 3135205.
5, 627041
List the prime factors of 174379.
103, 1693
List the prime factors of 134614.
2, 67307
List the prime factors of 244656.
2, 3, 1699
What are the prime factors of 484142?
2, 67, 3613
List the prime factors of 465793.
37, 12589
What are the prime factors of 5701530?
2, 3, 5, 190051
List the prime factors of 471032.
2, 97, 607
What are the prime factors of 1821236?
2, 455309
List the prime factors of 20500737.
3, 79, 86501
List the prime factors of 4902144.
2, 3, 13, 491
List the prime factors of 2716646.
2, 1358323
What are the prime factors of 1463535?
3, 5, 37, 293
What are the prime factors of 1399982?
2, 449, 1559
What are the prime factors of 5958969?
3, 1986323
What are the prime factors of 3066981?
3, 23, 44449
What are the prime factors of 75746?
2, 11, 313
List the prime factors of 3063747.
3, 547, 1867
What are the prime factors of 10049514?
2, 3, 1674919
List the prime factors of 39180.
2, 3, 5, 653
List the prime factors of 519101.
11, 41, 1151
List the prime factors of 2002806.
2, 3, 13, 317
What are the prime factors of 230535?
3, 5, 47, 109
What are the prime factors of 112145?
5, 11, 2039
What are the prime factors of 974927?
974927
What are the prime factors of 7083083?
7, 607, 1667
What are the prime factors of 294267?
3, 47, 2087
List the prime factors of 899799.
3, 299933
What are the prime factors of 1162657?
113, 10289
List the prime factors of 2799174.
2, 3, 7, 9521
List the prime factors of 490063.
7, 70009
What are the prime factors of 1104555?
3, 5, 73637
What are the prime factors of 261327?
3, 11, 7919
What are the prime factors of 479342?
2, 239671
What are the prime factors of 1983263?
113, 17551
What are the prime factors of 7117194?
2, 3, 7, 169457
What are the prime factors of 12721305?
3, 5, 848087
List the prime factors of 384602.
2, 103, 1867
List the prime factors of 20252.
2, 61, 83
List the prime factors of 6916966.
2, 7, 494069
List the prime factors of 21324329.
13, 1640333
What are the prime factors of 611225?
5, 23, 1063
List the prime factors of 61164.
2, 3, 1699
List the prime factors of 181846.
2, 7, 31, 419
What are the prime factors of 22801904?
2, 41, 34759
What are the prime factors of 15735592?
2, 43, 149, 307
List the prime factors of 1546119.
3, 37, 4643
List the prime factors of 128969.
128969
What are the prime factors of 1832598?
2, 3, 33937
List the prime factors of 881180.
2, 5, 44059
List the prime factors of 509938.
2, 11, 13, 1783
What are the prime factors of 5667583?
463, 12241
List the prime factors of 6087221.
7, 17747
What are the prime factors of 3065861?
3065861
List the prime factors of 40760.
2, 5, 1019
List the prime factors of 3227708.
2, 11, 109, 673
What are the prime factors of 113233?
113233
What are the prime factors of 1988233?
13, 152941
What are the prime factors of 58013?
58013
List the prime factors of 1383358.
2, 17, 23, 29, 61
What are the prime factors of 2552040?
2, 3, 5, 17, 139
List the prime factors of 6537202.
2, 7, 211, 2213
List the prime factors of 1592349.
3, 11, 73, 661
What are the prime factors of 4694943?
3, 11, 142271
What are the prime factors of 10716914?
2, 13, 412189
What are the prime factors of 3636762?
2, 3, 71, 8537
What are the prime factors of 397975?
5, 15919
List the prime factors of 1919790.
2, 3, 5, 83, 257
List the prime factors of 12561423.
3, 7, 598163
What are the prime factors of 551043?
3, 6803
What are the prime factors of 643249?
29, 41, 541
What are the prime factors of 470245?
5, 94049
List the prime factors of 1183011.
3, 179, 2203
List the prime factors of 126755.
5, 101, 251
List the prime factors of 793648.
2, 49603
What are th